ite number?
True
Let q = 2 - 2. Suppose 3*a - 2*s - 308 = q, -3*a - a + 419 = -s. Is a composite?
True
Let s = -3174 + 4540. Is s a composite number?
True
Suppose -5*y - 2*v + 23 = -0*v, v - 4 = -y. Suppose -y*c + 563 = -4*c. Is c a composite number?
False
Let q be 1 + ((-24)/2)/4. Let p be q/4*1*-6. Suppose -p*c + 0*c = -1257. Is c prime?
True
Suppose 82 = -4*g - 3*r, 4*r = 3*g + 34 + 15. Let m = g + 23. Suppose -3*x = -9, 5*h - m*x = -x + 916. Is h prime?
False
Let g(r) = -r**3 - 15*r**2 - 14*r + 7. Let x be g(-14). Is ((-4 + 2)/(-1) - x)*-199 prime?
False
Suppose c + 8*j = 4*j + 87409, 3*j = 2*c - 174851. Is c composite?
False
Let j(x) = -5*x + 1. Let o be j(1). Let h = o + 9. Suppose -h*d - 190 = -2*i - 0*i, 0 = 3*i + 2*d - 247. Is i a prime number?
False
Let y = -50 + 327. Suppose -y = -24*c + 23*c. Is c composite?
False
Let f be 18/63 + (-74)/14*1. Is ((-2)/3)/(f*2/7455) a prime number?
False
Let o = -7 - -9. Let g be 9/6*o + -1. Suppose -6*p + 2*p + 114 = g*l, p - 221 = -4*l. Is l a prime number?
False
Let j be 1080*((-23)/(-4) - 5). Suppose 17*g + j = 8596. Is g a prime number?
False
Let p(c) = 1286*c + 621. Is p(25) a composite number?
False
Let b be (-9)/(36/8) - -6. Let f be 2/b + 2/(-4). Suppose f = -2*t + 3*r + 50, -4*t + 5*r + 88 = -10. Is t a composite number?
True
Let w(y) = -73*y + 15. Let r be w(-10). Suppose -6*d = -11*d + r. Is d composite?
False
Let i(t) = -4*t**3 - 4*t**2 - 2*t + 5. Let l(f) = -f**3 + f**2 - 1. Let k(z) = i(z) + 4*l(z). Let m be k(-2). Suppose -4*h + 167 = -m. Is h a prime number?
True
Suppose -57931 = -312*k + 293*k. Is k composite?
False
Let r(q) = q. Let a be r(5). Let x(n) be the second derivative of n**5/20 + 5*n**4/12 + 7*n**3/6 - 11*n**2/2 + 132*n. Is x(a) composite?
True
Let c be 8/12 + 2/(-3). Let f(v) = -v**2 + v + 2395. Let b be f(c). Suppose -8*s = -3*s - b. Is s composite?
False
Is (-51)/(-15) + -3 - 414230/(-50) a prime number?
False
Let v(h) = -56*h - 18. Let f be v(-5). Suppose 5*r - 4 = 3*r. Suppose r*t = 4*t - f. Is t a prime number?
True
Let o(z) = -z**2 + 9 - 4 - 2*z + 3. Let v be o(-4). Is 140 + (2/(-2) - v) a prime number?
True
Let j be (8/(-24))/((-1)/186). Suppose 5*b = 4*b + j. Suppose 0 = -b*w + 59*w + 471. Is w prime?
True
Suppose 15*u + 36 = 21*u. Is (u + (-77)/14)/(1/314) a prime number?
True
Let x(l) = 114 + 98 - 31 + 112 - 2*l. Is x(0) a composite number?
False
Is 1492/10*(-67805)/(-382) a prime number?
False
Suppose 4*m - 107345 = -3*m. Is m prime?
False
Let z(h) be the first derivative of h**3/3 - 7*h**2/2 - 8*h + 1. Let u be z(8). Is 1/(u - -1)*69 prime?
False
Let g = 10627 - 5480. Is g prime?
True
Suppose 4*s - 46300 = -2*w, -w = 3*s - 7896 - 15250. Is w a prime number?
False
Let c be (-2)/7 - (2 + (-9950)/35). Suppose 0 = 2*r - 5*a + a - c, 2*r - a = 282. Is r a composite number?
True
Let z be 4*9/12 - 6. Let p(f) = 13*f - 9. Let u(w) = -7*w + 4. Let h(j) = z*p(j) - 7*u(j). Is h(8) a prime number?
True
Let i(r) = -r + 163. Let f(t) be the second derivative of t**3/6 - 5*t**2/2 - 5*t. Let h be f(5). Is i(h) prime?
True
Let b be (-19 - -33)*12/14. Is (-8)/b - 7498/12*-2 a composite number?
False
Suppose a = -2*d + 1575, a = 4*d + 5*a - 3152. Is d composite?
False
Let l be (1 - 2925/(-4)) + 1/(-4). Let r = 1973 + l. Is r a prime number?
False
Suppose 2*z - z = -4*y - 951, 4*y + 5*z + 947 = 0. Let l = 416 + y. Is l a composite number?
True
Let w(f) = -f**3 + 16*f**2 + 27*f + 21. Suppose 0*u + 2*u - 4*o = 30, 2*o = 4*u - 66. Is w(u) a prime number?
True
Let i(z) = z**3 - 6*z**2 + z + 1711. Is i(0) a prime number?
False
Is ((-20)/10)/((-6)/15231) prime?
True
Let m = 3767 - 1774. Is m a composite number?
False
Let p(t) = t**3 - 9*t**2 + 3*t + 37. Let q be p(8). Is (-4 + (q - -3))*762/(-24) a prime number?
True
Let c = 4716 + -2982. Let x = 2681 - c. Let r = x + -616. Is r composite?
False
Suppose -4*a = -9*a + 35. Let y = -2 + a. Suppose -y*v = -7*v + 74. Is v prime?
True
Suppose -a = 2*u + 2931, 0 = 2*u - a + 4*a + 2933. Let x = -832 - u. Is x a prime number?
False
Let y(d) = -25 + 34*d**2 - 3092*d + 21*d**2 + 3087*d. Is y(8) prime?
False
Suppose -x - 4*q + 3152 = 0, -2*q + 20 = 2*q. Is x/8 + 4/(-8) prime?
False
Suppose 0 = -20*a + 22*a + 90. Is (-4)/(-10) - 15597/a prime?
True
Let s = 16 - 20. Let p be (-8)/(-1)*(-2)/s. Suppose p*h + 2 = 446. Is h a prime number?
False
Is (((-12)/10)/(-1))/((-108)/(-251820)) composite?
True
Let v = 24722 + -17083. Is v a composite number?
False
Let w = -910 + 2880. Let j = w + -1179. Is j a composite number?
True
Suppose 2*i + 28*i = 503850. Is i prime?
False
Let a(f) = 63*f + 667. Is a(-10) prime?
True
Suppose 5*w - 3*w = 0. Suppose 0 = -2*y + 2*k + 10, 4*y = -k - w + 5. Suppose -m = 5, 0 = -y*a - m + 91 + 38. Is a a prime number?
True
Let g = 63 + -56. Is (-6 + g)/(3/(-6582)*-2) composite?
False
Suppose -1972 = a - 0*a - g, 3*a = -g - 5904. Let x = -858 - a. Is x prime?
False
Let d(x) = -x**2 + 13*x + 17. Let s be d(14). Suppose -4*m + 4*b + 2304 = 0, 0*m - s*m - 4*b = -1693. Is m composite?
False
Let i = 72165 + -33227. Is i composite?
True
Let c = 16 + -1. Let d = -12 + c. Suppose 0 = 5*p + 2*m - 2639, 2*m + 3 = -d. Is p a composite number?
True
Let b be (-400)/2*10/(-8). Suppose -5*t + b = -450. Suppose -5*r + 125 = -t. Is r prime?
True
Let i = -139 + 226. Suppose 5*x - i = 308. Is x a composite number?
False
Suppose 2*x = 6, 5*u = -x - x + 21. Suppose 5*d = -2*s + 113 + 191, -s = -u*d - 163. Is s composite?
False
Let t(f) = -f**2 + 11*f - 13. Let c be t(9). Suppose -c*u - u - 6 = 0. Let j(n) = 212*n**2 + n. Is j(u) prime?
True
Let s(v) = 7724*v**3 + 2*v**2 - 2*v. Let d be s(1). Suppose -5*c = -9*c + d. Is c composite?
False
Let k(u) = 157*u. Let d(p) = 1. Let y(h) = -2*d(h) + k(h). Let f be y(2). Is (-2)/(-4)*(2 + f) a prime number?
True
Suppose 25*n + 11*n = 666972. Is n a composite number?
True
Let k(j) = j**2 + 5*j - 9. Let c be k(-3). Is -1 - (-3)/(c/(-8560)) a prime number?
False
Let j(b) = -b**2 + 9*b + 3. Let v be 18/12*16/3. Is j(v) a composite number?
False
Let v be 351*((-80)/6 + 7). Let l(h) = -h + 3178. Let c be l(0). Let j = v + c. Is j prime?
False
Let y be (-4 - 30/(-9))*-6. Let z = -1 + y. Suppose 9 = z*q - 84. Is q a prime number?
True
Let i(c) be the third derivative of c**6/120 + 11*c**5/60 + c**4/12 - c**3/2 - 22*c**2. Is i(8) a prime number?
True
Suppose -4*i + 10024 + 10900 = 4*c, -2*c + 2*i + 10446 = 0. Is c composite?
False
Let q(t) = -1391*t - 179. Is q(-20) a composite number?
True
Let a(j) be the third derivative of j**4/12 - 3*j**3/2 - 6*j**2. Let r be a(6). Suppose r*v - 2*v = 211. Is v prime?
True
Let w = 6436 + 40453. Is w composite?
False
Suppose 0 = -77*u + 80*u - 79809. Is u a composite number?
True
Is ((-1)/(9/(-437706)))/2 a prime number?
True
Suppose -7*p = -2*p - 150. Suppose 9 = -3*c - p. Is -3 - (0 + c)/1 prime?
False
Let k(j) = -1504*j - 119. Is k(-3) prime?
False
Let a be (-14)/(-21)*(-654)/(-4). Let c be ((-88)/32 + (-1)/2)*-16. Let l = a - c. Is l composite?
True
Is 3269/((-3)/(-12)*(13 + -9)) prime?
False
Let t be 13/(39/1050) + 3. Suppose -t - 321 = -2*d. Suppose -3*y = -2*y - d. Is y a prime number?
True
Suppose 4*x + 25 = 1. Let h be 3/x*-14 - 3. Suppose -h*y = -7*y + 921. Is y composite?
False
Suppose -2*w - 3*r + 6*r + 1268 = 0, 5*r = 3*w - 1904. Let v = 21 + -18. Suppose -v*c + 151 = -2*i - w, 0 = -5*c + 5*i + 1305. Is c a composite number?
False
Let r(f) = 727*f**2 - 8*f + 10. Let n(c) = -364*c**2 + 4*c - 5. Let i(a) = -13*n(a) - 6*r(a). Is i(2) composite?
True
Let g be (-14909)/(-4) + (-3)/(-4). Let w = g - 2109. Is w prime?
True
Let a = -227 - -430. Suppose -3*c = -424 - a. Is c prime?
False
Let r(z) = z**3 - 2*z**2 - z - 1. Let w be r(2). Is (248*3 - 4) + w a prime number?
False
Let q = 42 + -25. Let g(v) = 2*v**2 - 14*v - 42. Is g(q) a composite number?
True
Suppose 5*r + 2*j - 1083 = 0, -r - 3*j + 0 = -214. Suppose 4*h - 4*a - 768 = 0, -r - 169 = -2*h + 4*a. Is h prime?
True
Let j(y) be the second derivative of y**6/8 + y**5/120 + y**4/24 + 7*y**3/6 + 6*y. Let x(l) be the second derivative of j(l). Is x(-2) prime?
True
Is ((-1004)/(-7))/((-72)/(-252)) composite?
True
Let s(n) = n**2 - 12*n - 10. Let w be s(13). Let i = w + -17. Let j(r) = -r**3 - 15*r**2 - 21*r - 15. Is j(i)